14 = 0. What is the remainder when 52 is divided by u?
7
Let v(b) = 7*b + 18. What is the remainder when v(7) is divided by (6/9)/((-6)/(-153))?
16
Let d be 39/(-52)*(-8)/2. Calculate the remainder when 28 is divided by (-5)/5*(-18 + d).
13
Let s(n) be the second derivative of n**3/6 + 4*n**2 - 12*n. Calculate the remainder when 31 is divided by s(3).
9
Let b(m) = -m**3 - 16*m**2 - 16*m - 11. Let h be b(-15). Suppose 25 = i - h*z, -3*i + 2*z + 106 = 1. Calculate the remainder when 110 is divided by i.
36
Let n(j) = j**3 - 4*j**2 - 23. Let h be n(8). Let l = 329 - h. What is the remainder when l is divided by 49?
47
Let r(k) = 33*k - 18. What is the remainder when 69 is divided by r(1)?
9
Let w be 1/(0 - (-2)/(-534)). Let m be -1 + (-1 - (w - 1)). Suppose -5*n - m = -h - 638, 0 = 3*n + h - 220. Calculate the remainder when n is divided by 19.
17
Let j = -67 + 69. Suppose -j*y - 32 = -10*y. Let r(h) = -h**3 + 5*h**2 - 2*h + 6. Calculate the remainder when r(4) is divided by y.
2
Let t = 15 - -6. Suppose 13 = 6*d - 23. Calculate the remainder when t is divided by d.
3
Calculate the remainder when 422 is divided by (-1953)/(-231) + (-12)/(-22).
8
Let k = 325 - 306. Calculate the remainder when 131 is divided by k.
17
Suppose 21*q - 3343 - 2642 = 0. Calculate the remainder when q is divided by 50.
35
Let x = 1046 - 1042. What is the remainder when 23 is divided by x?
3
What is the remainder when 151 is divided by (0 + 11/(-4))/(58/(-232))?
8
Let w = -29 + 86. Let y = 105 - w. Let a = -28 + y. Calculate the remainder when 57 is divided by a.
17
Let o(l) = -2*l + 4. Suppose 381 = 15*h - 414. Calculate the remainder when h is divided by o(-5).
11
Suppose 4*s + 4*q + 8 = -0*s, 40 = -5*s + 5*q. Let u = -10 + s. Let l(y) = y**2 + 13*y - 7. What is the remainder when 67 is divided by l(u)?
21
Suppose 4*v + 4*m = 60, 74*v = 70*v - 3*m + 58. Suppose -2*k + 15 = -h + 59, -h + 39 = -k. What is the remainder when h is divided by v?
8
Let y be -9*(-3)/9 - 7. Let t = y + 21. Calculate the remainder when 48 is divided by t.
14
Suppose -l - 2*l = v, 15 = 3*v + 4*l. Calculate the remainder when 184 is divided by v.
4
Suppose -4*j = x - 28, 2*x - 3*j - 3 = 9. Let n be ((-4)/(-6))/((-6)/(-27)). Suppose -n = -2*k + 11. Calculate the remainder when x is divided by k.
5
Let m = 92 - 86. Suppose 3*s = 3*x + 288, 7*x = 5*s + m*x - 464. What is the remainder when s is divided by 16?
12
Suppose -4*l = -4*v + 124, -15 = 4*l - l. Suppose 2*u + 0*u - v = 0. Calculate the remainder when u is divided by 9.
4
Calculate the remainder when 117 is divided by 101 + -52 + (1 - -10).
57
Let s(l) = 183*l**2 + 3*l - 15. What is the remainder when s(3) is divided by 53?
51
Let m(w) = -2*w**3 - 2*w**2 + 3*w - 5. Suppose -2*c - 10 = -20. Suppose -c*s = -2*a - 92, -2*s - 5*a = s - 80. What is the remainder when m(-4) is divided by s?
19
Let s = 91 - 65. Let f = s + 19. What is the remainder when 87 is divided by f?
42
Let q = 70 + -101. Let u = 39 - q. What is the remainder when u is divided by 37?
33
Let f = 445 - 411. Suppose -a + 36 = a. What is the remainder when f is divided by a?
16
Let c = 22 + -14. Suppose -215 = -c*n + 3*n. What is the remainder when n is divided by ((-6)/4)/(12/(-120))?
13
Suppose -5*s + 3 = -12. Suppose l - 2*z - 3 = -5, -l - 4 = -s*z. Suppose -17 = l*d - 61. What is the remainder when 65 is divided by d?
21
Let a = -962 + 966. Let m = -6 + 25. What is the remainder when m is divided by a?
3
Suppose -2*f = 5*o - 17, 31 = -5*o + 5*f + 76. What is the remainder when 28 is divided by o?
3
Let a(o) = 2*o**3 - 29*o**2 + 16*o - 9. Calculate the remainder when 92 is divided by a(14).
16
Let x = -1285 - -1392. Calculate the remainder when x is divided by 39.
29
Let g = 814 + -791. Calculate the remainder when 75 is divided by g.
6
Let w be -3*(0 - -4)/4. Let k be 106 - (12/w - -3). Suppose s - k = -5*u, -5*u + 45 = -5*s - 50. What is the remainder when 61 is divided by u?
19
Calculate the remainder when ((-12450)/(-12))/5 + (-3)/(-6) is divided by 70.
68
Let t be 39/9 - 1/3. Suppose -t*u + 63 = 5*x - 145, -3*x = 2*u - 124. Suppose 4*k - 26 = 3*k + i, -2*i = k - 11. What is the remainder when x is divided by k?
19
Suppose -141 = 3*a - 6*a. Suppose 11*n + 2326 = 324. Let y = n + 198. Calculate the remainder when a is divided by y.
15
Suppose -4*t + 7*t - 401 = 5*b, 294 = 2*t + 2*b. Let s(r) = -r**3 - r**2 - r + 29. Calculate the remainder when t is divided by s(0).
26
Let q(v) = v**2 + 6*v + 2. Let t be q(-6). Suppose -3*w - j - t*j = -33, 2*j + 8 = w. Let p = -2 - -5. Calculate the remainder when w is divided by p.
1
Let d = 780 + -741. What is the remainder when d is divided by 14?
11
Suppose s - 4*x = 111, -3*s + 4*x - 30 + 387 = 0. What is the remainder when s is divided by 18?
15
What is the remainder when 246 is divided by (-3 - (-23 + 1)) + 2/1?
15
Let a = -2 + 5. Suppose -5*o + u + 225 = 0, a*o + 22 = 2*u + 150. Suppose 4*d + 13 = 3*d - 5*j, 56 = 3*d - 4*j. What is the remainder when o is divided by d?
10
Let l = 34 + -120. Let m = 137 + l. Calculate the remainder when m is divided by 13.
12
Let o be (143 + -2)*(-3)/9*5. Let w = -230 - o. Let l = 43 + -26. Calculate the remainder when l is divided by w.
2
Let u(t) = -17*t**2 + 47*t - 3. What is the remainder when 73 is divided by u(2)?
4
Suppose -2*u = -7*u + 10. Suppose -u*c - 3*j + 17 = 2, -2*c + 55 = -5*j. Let q(b) = -4*b - 46. Calculate the remainder when q(-22) is divided by c.
12
Suppose -3*z + p = -171, 0 = -10*z + 8*z - 2*p + 106. Calculate the remainder when 191 is divided by z.
23
Let y(b) = b - 5. Let k be y(8). Suppose -k = -3*r, 2*p + 2*r + 124 = 5*p. Suppose 2*x = -22 + 66. What is the remainder when p is divided by x?
20
Suppose 0 = 4*t - 158 + 26. Let o = 37 - t. What is the remainder when 19 is divided by o?
3
Suppose -22*p = -15*p - 175. Calculate the remainder when 348 is divided by p.
23
Let g(f) = -f**2 - 8*f + 15. Let h be g(-7). Let m = h - 20. What is the remainder when 3/m + (-290)/(-20) is divided by 6?
4
Let l = -200 + 219. Calculate the remainder when 73 is divided by l.
16
Suppose -2*o = 2*d - 76, -101 - 50 = -4*d - 3*o. Let n(a) = -2*a - 13. What is the remainder when d is divided by n(-13)?
11
Suppose -16*d = -24 - 24. Suppose 0 = o + 3*q, 0 = 4*o + q - 4 - 7. Calculate the remainder when d is divided by o.
0
Let x(d) = -2*d + 0*d**3 - d**3 - 5*d**2 + d - 1. Let n be (-22)/2 + 4 + 2 + 0. What is the remainder when 14 is divided by x(n)?
2
Let i be 2/5 + 138/30. Let d(y) = y**2 + 8*y - 3. Let k be d(5). Suppose i*t - 6*r + 3*r - 310 = 0, t - k = 5*r. What is the remainder when t is divided by 21?
20
Suppose 0 = 4*m + 3*n - 434, 5*m = 3*n + 410 + 119. Calculate the remainder when m is divided by 43.
21
Suppose h - 22 = 63. Let i = h - 66. Calculate the remainder when i is divided by 3.
1
Suppose 0 = x + 6*x. Suppose x = -0*y + y - 64. What is the remainder when y is divided by 928/28 + 2/(-14)?
31
Calculate the remainder when 14 is divided by ((-7)/2)/((-2)/4).
0
Let u be (-2 - -5)/((33/(-62))/11). Let b = u + 70. Suppose 0 = -5*v + 1 + 19. What is the remainder when b is divided by v?
0
Suppose 0*z + 1106 = -14*z. Let b = -65 - z. What is the remainder when 68 is divided by b?
12
Let i(n) = -25*n - 232. Calculate the remainder when 1074 is divided by i(-11).
42
Suppose 3*i - 875 = -2*i. Calculate the remainder when i is divided by ((-945)/42)/((-2)/4).
40
Suppose 8 = 4*q, 2*r - 22 = -r - 5*q. Suppose 5*a - 21 = r. Suppose a*s = 81 + 14. What is the remainder when 92 is divided by s?
16
Let g = -9 + 19. Suppose 35 = -427*p + 432*p. Let r = g - p. What is the remainder when 7 is divided by r?
1
Let t(z) = 35*z - 107. Let l(w) = 6*w**2 + 2. Let k(s) = s**3 + 9*s**2 + 7*s - 6. Let b be k(-8). Calculate the remainder when t(6) is divided by l(b).
25
Suppose 4*c + 5 - 85 = 0. Suppose 10*h - c = 190. Suppose 4*g = 6*g - 82. Calculate the remainder when g is divided by h.
20
What is the remainder when 81 is divided by 3/(-6)*25*(5 - 7)?
6
Let w(s) = -109*s + 1. Let x be w(-4). Suppose -298 = 5*m + x. What is the remainder when 19 is divided by m/(-15) - (-7)/35?
9
Let n = -75 + 106. Let y = 60 - n. Let c = 1556 + -1471. Calculate the remainder when c is divided by y.
27
Let d(x) = -5*x**2 